111001011
In base 5, what is -312240 + 0?
-312240
In base 6, what is -4 - -4112?
4104
In base 12, what is -4 + -247?
-24b
In base 3, what is -11 - 1101201?
-1101212
In base 2, what is 11001011110 - -100?
11001100010
In base 9, what is 40 + 32?
72
In base 2, what is 101110011 - -1?
101110100
In base 7, what is -45220 - 4?
-45224
In base 6, what is -4035 + 4?
-4031
In base 3, what is 12 + -100202?
-100120
In base 2, what is -10111000 - 0?
-10111000
In base 5, what is 10 + 11231?
11241
In base 13, what is 30 - -6?
36
In base 4, what is -102 - 10?
-112
In base 15, what is -853 - 5?
-858
In base 8, what is 0 - 2?
-2
In base 14, what is -a1 + -5?
-a6
In base 14, what is 25 - 24?
1
In base 8, what is 24 + -12?
12
In base 7, what is 252 + 5?
260
In base 11, what is 1 + 503?
504
In base 13, what is cb3 + -4?
cac
In base 12, what is 17 - b?
8
In base 15, what is -5 - 24?
-29
In base 9, what is 103 + 11?
114
In base 14, what is -2 - -57?
55
In base 10, what is 97 - -157?
254
In base 6, what is 1 + 20322?
20323
In base 10, what is -2 - -34?
32
In base 15, what is 10 - -11b?
12b
In base 2, what is -110001 - -11?
-101110
In base 2, what is -101 + 110111?
110010
In base 7, what is 6 + -255?
-246
In base 11, what is -61 + 11?
-50
In base 4, what is 11 - -33?
110
In base 2, what is -111 + -10?
-1001
In base 13, what is 3 + 223?
226
In base 14, what is 13 + -10d?
-da
In base 5, what is 300 + 1?
301
In base 4, what is -2123 - -3?
-2120
In base 12, what is -47 + -117?
-162
In base 11, what is -15 - 3?
-18
In base 7, what is -4 + 65?
61
In base 3, what is 21111002 + 12?
21111021
In base 5, what is 401 + 1413?
2314
In base 2, what is -101111 - 11?
-110010
In base 8, what is 3 + 6?
11
In base 6, what is 55 + 45?
144
In base 4, what is -100103 + -10?
-100113
In base 8, what is -13137 - 2?
-13141
In base 2, what is -100 - -11000101?
11000001
In base 15, what is -8 - -248?
240
In base 4, what is -1220 + 10?
-1210
In base 12, what is -909 - -1?
-908
In base 10, what is 2 + 110?
112
In base 13, what is 1 + 1c7?
1c8
In base 5, what is -10 - 42?
-102
In base 3, what is 20 - -102?
122
In base 4, what is 233100 - 11?
233023
In base 6, what is -43 + -13?
-100
In base 12, what is 5 - -292?
297
In base 15, what is -23 + 3?
-20
In base 8, what is 5 - 532?
-525
In base 15, what is aa + c?
b7
In base 10, what is 5 - -32?
37
In base 12, what is 1 + 49?
4a
In base 8, what is -15227 - 5?
-15234
In base 7, what is 26 - 106?
-50
In base 4, what is -120 - -11?
-103
In base 4, what is -1132 - 12?
-1210
In base 14, what is 49 - -36?
81
In base 15, what is -5 - -ed?
e8
In base 13, what is -12 - 11?
-23
In base 10, what is 2 + 42?
44
In base 13, what is -57 + 1?
-56
In base 3, what is 2001 - -22?
2100
In base 2, what is 111010 + 100?
111110
In base 16, what is -c0 - -3?
-bd
In base 9, what is 3 - -82?
85
In base 9, what is 1 - -68?
70
In base 12, what is 205 + 2?
207
In base 8, what is -512 + 0?
-512
In base 9, what is 1 + 268?
270
In base 10, what is 5 - -109?
114
In base 6, what is -1210 + 5?
-1201
In base 9, what is -3 + 127?
124
In base 3, what is 1101220 - -10?
1102000
In base 7, what is -366 - 4?
-403
In base 5, what is -344 - -2?
-342
In base 11, what is 14a2 - -5?
14a7
In base 2, what is -110010110110 + -10?
-110010111000
In base 14, what is -65 - 0?
-65
In base 3, what is 101 + 1022122?
1100000
In base 9, what is -66 - 1?
-67
In base 7, what is 5030 + -2?
5025
In base 5, what is 11121 - -10?
11131
In base 8, what is -37 + 4?
-33
In base 2, what is 1 + 1011010?
1011011
In base 4, what is 103333 - 12?
103321
In base 6, what is 322 + 152?
514
In base 6, what is -2 - 101?
-103
In base 4, what is 3 - 22?
-13
In base 9, what is -47 - 4?
-52
In base 13, what is -45 + 60?
18
In base 9, what is -1 - 28?
-30
In base 9, what is 243 - 0?
243
In base 14, what is c - 51?
-43
In base 12, what is -b - -152?
143
In base 7, what is 3 + -201?
-165
In base 9, what is 6657 + 3?
6661
In base 14, what is 6 + 38?
40
In base 12, what is 0 + -33?
-33
In base 7, what is -1224 + 1?
-1223
In base 15, what is -5d + 19?
-44
In base 14, what is -45 - -29?
-1a
In base 12, what is -7b - 47?
-106
In base 15, what is -28d - -7?
-286
In base 16, what is -1 + -edd?
-ede
In base 5, what is -313 + 12?
-301
In base 2, what is 0 - -101010000?
101010000
In base 9, what is -41 + -10?
-51
In base 4, what is 3113 + -2?
3111
In base 3, what is -1200 + -10?
-1210
In base 6, what is 5 - -5012?
5021
In base 14, what is -1b3 + 9?
-1a8
In base 11, what is -4 - -10?
7
In base 11, what is 0 + 10?
10
In base 6, what is -1225 + -2?
-1231
In base 10, what is -199 + 4?
-195
In base 3, what is 201 + -20?
111
In base 9, what is -3 - 2862?
-2865
In base 10, what is 1170 - 2?
1168
In base 16, what is e79 + -3?
e76
In base 7, what is -4 + 44?
40
In base 8, what is -4 + -14566?
-14572
In base 6, what is -1 - -13?
12
In base 2, what is 10000111100111 + 11?
10000111101010
In base 11, what is 1 - -116?
117
In base 5, what is -10 - 32?
-42
In base 5, what is 4 - 313?
-304
In base 9, what is 5878 - -6?
5885
In base 6, what is 1 - -40?
41
In base 10, what is -6 - -41?
35
In base 7, what is -4 - -2341?
2334
In base 10, what is -1127 - 2?
-1129
In base 7, what is 26 - 23?
3
In base 5, what is 443 + 110?
1103
In base 3, what is -12 + -121?
-210
In base 8, what is 642 + 2?
644
In base 14, what is -3 - -3064?
3061
In base 5, what is 404 - 10?
344
In base 5, what is 2 - -23110?
23112
In base 12, what is -367 + -3?
-36a
In base 7, what is -242 + -101?
-343
In base 16, what is 3dd - 20?
3bd
In base 10, what is 0 - 156?
-156
In base 16, what is -79 + 25?
-54
In base 10, what is -2 + -623?
-625
In base 7, what is -13 - 154?
-200
In base 16, what is c74 + 3?
c77
In base 7, what is 666 + -5?
661
In base 16, what is 340 + 5?
345
In base 8, what is -3322 + 3?
-3317
In base 9, what is -158 + 3?
-155
In base 3, what is -10 + 221?
211
In base 10, what is -62 - 19?
-81
In base 16, what is 3 + 25b?
25e
In base 14, what is c68 - -2?
c6a
In base 6, what is 2 - 20?
-14
In base 2, what is 11000100111 - 1?
11000100110
In base 7, what is -222 - 1?
-223
In base 6, what is 1235 + 1?
1240
In base 3, what is -220112 - 22?
-220211
In base 15, what is -4 - 164a?
-164e
In base 8, what is 1210 + 2?
1212
In base 13, what is -17 + 2b?
14
In base 14, what is 0 - 3b?
-3b
In base 7, what is 505 + 1?
506
In base 9, what is -7 - 25?
-33
In base 2, what is -1000 - -1010010000?
1010001000
In base 5, what is 10 + -2143?
-2133
In base 4, what is 3020 + 31?
3111
In base 6, what is 3 - -5231?
5234
In base 15, what is 58 - 1b?
3c
In base 14, what is -1 + 5?
4
In base 12, what is 57 + 16?
71
In base 5, what is -4 - -1013?
1004
In base 6, what is -4054 + -1?
-4055
In base 3, what is -12 - 111110?
-111122
In base 16, what is -1b + -3b?
-56
In base 15, what is -3 + -866?
-869
In base 7, what is -455 + -3?
-461
In base 12, what is -14 - -17?
3
In base 9, what is -4 - -254?
250
In base 6, what is -3240 + 2?
-3234
In base 11, what is 1 + 12a4?
12a5
In base 9, what is 3213 - -3?
3216
In base 3, what is -102 + -1010?
-1112
In base 13, what is -5 - -13c?
137
In base 7, what is 4104 - 5?
4066
In base 10, what is 1 - 3188?
-3187
In base 8, what is -127 + -4?
-133
In base 5, what is 30 - 2?
23
In base 6, what is 5 + 312?
321
In base 9, what is -621 - -14?
-606
In base 8, what is -1106 + 3?
-1103
In base 14, what is b - -5?
12
In base 12, what is -1 - 362?
-363
In base 11, what is -15 + -108?
-122
In base 10, what is 5 + -5160?
-5155
In base 8, what is 5 - 24?
-17
In base 4, what is -213213 + -10?
-213223
In base 11, what is -3 + -a1?
-a4
In base 5, what is 2 - -1114?
1121
In base 7, what is -166 - 1?
-200
In base 15, what is 112 - -10?
122
In base 5, what is 23 - 103?
-30
In base 12, what is -26 + 7?
-1b
In base 3, what is 21022 - 2021?
12001
In base 3, what is -221210 + -100?
-222010
In base 14, what is -1102 + 5?
-10db
In base 8, what is -17 - -3677?
3660
In base 8, what is 44 + 1024?
1070
In base 5, what is -11 - 2?
-13
In base 11, what is a74 - 3?
a71
In base 7, what is 0 - -3?
3
In base 5, what is -14 + 122?
103
In base 8, what is -1615 + -3?
-1620
In base 13, what is -53 - -c?
-44
In base 4, what is -302003 + 3?
-302000
In base 3, what is -10 - -110021?
110011
In base 9, what is 15 - 60?
-44
In bas